3, what is -13a + 62?
-a8
In base 8, what is -1016 + 7272?
6254
In base 9, what is -5 + -21822?
-21827
In base 14, what is 8221 + 7?
8228
In base 14, what is 176a4 - 5?
1769d
In base 5, what is 110032 - -23?
110110
In base 3, what is -1120 - -100012012?
100010122
In base 2, what is 11100100101101 + -10011?
11100100011010
In base 10, what is -2 - -7316?
7314
In base 2, what is 10 + 1101000010100101?
1101000010100111
In base 2, what is -101010000 - 1001?
-101011001
In base 3, what is -222 + -1001001?
-1002000
In base 12, what is -1051437 - -3?
-1051434
In base 5, what is -130 + -12210?
-12340
In base 3, what is -12 + 20201021?
20201002
In base 6, what is 14541 + -3244?
11253
In base 6, what is -40 - -252214?
252134
In base 15, what is 5 + 19e?
1a4
In base 6, what is -124 + 22553?
22425
In base 3, what is -202 - -210211100?
210210121
In base 8, what is -71250 + -2?
-71252
In base 11, what is 97 - -53?
13a
In base 9, what is 10066 + -5?
10061
In base 7, what is 330365 + -4?
330361
In base 4, what is -133 + 23011?
22212
In base 9, what is 1857 + -163?
1684
In base 8, what is 1441 - 137?
1302
In base 2, what is 100010011110 + -110001?
100001101101
In base 14, what is 0 - -ad5b2?
ad5b2
In base 14, what is 5 - 2404?
-23dd
In base 4, what is 10 - 110113132?
-110113122
In base 7, what is 635611 + 5?
635616
In base 7, what is 144 + -223215?
-223041
In base 12, what is 4 + 31b61?
31b65
In base 12, what is -7596 - 43?
-7619
In base 3, what is -202 - -100122011000?
100122010021
In base 8, what is -26370 + 4?
-26364
In base 16, what is c + 14c1?
14cd
In base 11, what is -11462 + 204?
-11259
In base 3, what is 2122020 + -22202?
2022111
In base 5, what is 312 - 104334?
-104022
In base 7, what is 10155 + -100?
10055
In base 13, what is 1 - 4304?
-4303
In base 7, what is -456145 - -2?
-456143
In base 5, what is -3 - -100431343?
100431340
In base 11, what is -1a009 - 3?
-1a011
In base 5, what is -2300333 - 3?
-2300341
In base 13, what is 258 - -640?
898
In base 12, what is 558092 + 5?
558097
In base 2, what is 10001111101011001 + -100010?
10001111100110111
In base 4, what is 3013 - -11121113?
11130132
In base 12, what is 33a899 - -2?
33a89b
In base 6, what is -2303 + -2253?
-5000
In base 9, what is -443332 - 1?
-443333
In base 16, what is 133751 - 4?
13374d
In base 13, what is -4 - -1331c?
13318
In base 10, what is -469 - 708?
-1177
In base 14, what is -58 + 97?
3d
In base 13, what is 293404 + 2?
293406
In base 14, what is -38a4 + -10?
-38b4
In base 7, what is 5 + 564000?
564005
In base 9, what is -128 + -3316?
-3445
In base 6, what is 5 - 15033?
-15024
In base 9, what is 13130361 - -1?
13130362
In base 11, what is -2 - -320?
319
In base 16, what is 3 - 6d6e?
-6d6b
In base 13, what is -820 + -93?
-8b3
In base 11, what is -3 - -2a00?
29a8
In base 13, what is -104bb9 - -1?
-104bb8
In base 7, what is -11 + -511?
-522
In base 14, what is 1 + 2850c?
2850d
In base 4, what is -1112101 + 3?
-1112032
In base 14, what is -4 + 8dd2?
8dcc
In base 12, what is 6aabb + 5?
6ab04
In base 7, what is 423043 + 4?
423050
In base 7, what is -15 + -23401?
-23416
In base 16, what is -13b + -36?
-171
In base 15, what is 11b + -3e74?
-3d58
In base 10, what is -44382 + -48?
-44430
In base 9, what is 16 + -126640?
-126623
In base 11, what is -4434 - 90?
-4514
In base 14, what is 0 - -a202?
a202
In base 10, what is -6911 + 33?
-6878
In base 8, what is 4 - 16407?
-16403
In base 15, what is -10a2 + -c2?
-1174
In base 9, what is -8 - 12872?
-12881
In base 2, what is -11100011010111 + -111101?
-11100100010100
In base 15, what is 21b - -11?
22c
In base 13, what is -327 - -51?
-2a6
In base 9, what is 118 - -420?
538
In base 3, what is -10012121 + 1020?
-10011101
In base 7, what is 125 - 254023?
-253565
In base 8, what is -1423747 + -7?
-1423756
In base 7, what is -546 - -354?
-162
In base 10, what is 515698 + -1?
515697
In base 6, what is 1553553 + 34?
1554031
In base 14, what is -26 - -dd1?
da9
In base 9, what is -80 + 821?
731
In base 11, what is -307 + 386?
7a
In base 5, what is -34 - -112042?
112003
In base 2, what is 1001 + -11001110001?
-11001101000
In base 11, what is -167 - -475?
309
In base 9, what is -83 + -11355?
-11448
In base 11, what is -1511 - -5?
-1507
In base 7, what is 142442 - -5?
142450
In base 4, what is 113033 + 11332?
131031
In base 15, what is -b + 175?
169
In base 9, what is 115660 + 16?
115676
In base 15, what is 13d85 + -4?
13d81
In base 12, what is 754 + -314?
440
In base 11, what is -2 + -721492?
-721494
In base 12, what is -182a3 + 66?
-18239
In base 8, what is 313761 - 5?
313754
In base 7, what is 201162 + 120?
201312
In base 10, what is 2 - 99844?
-99842
In base 13, what is 35b460 + -4?
35b459
In base 3, what is 10 + -2011002121?
-2011002111
In base 3, what is 10 + 2200122?
2200202
In base 15, what is -93ae + d?
-93a1
In base 3, what is -11102121021 + -1?
-11102121022
In base 8, what is 26212 + -57?
26133
In base 14, what is 7 - 31d?
-316
In base 6, what is -31123 + -1024?
-32151
In base 8, what is -443025 - 4?
-443031
In base 8, what is -4 + 263420?
263414
In base 16, what is eb - 798?
-6ad
In base 9, what is -2202616 + 4?
-2202612
In base 16, what is 111 - 83?
8e
In base 15, what is -3 - -3a8?
3a5
In base 5, what is -2001 - -33?
-1413
In base 2, what is 10011010010 - 10?
10011010000
In base 10, what is -2 + 18717?
18715
In base 13, what is -5 - 9415b?
-94163
In base 15, what is -9b0 + -2d6?
-c96
In base 12, what is -2b4 + 78a?
496
In base 5, what is 103 - -20232242?
20232400
In base 13, what is 3075 - 22?
3053
In base 5, what is 4004320 - -3?
4004323
In base 12, what is a7 + b84b?
b936
In base 8, what is -2675 - 47?
-2744
In base 6, what is 203442 - -151?
204033
In base 3, what is 2 - -102010221022?
102010221101
In base 8, what is 743 + -23?
720
In base 11, what is -52 - a30?
-a82
In base 9, what is 2 - -28030?
28032
In base 5, what is 31434 - -11?
32000
In base 3, what is -22021121 + 11?
-22021110
In base 14, what is ddb + 449?
1446
In base 14, what is -291b + -14?
-2931
In base 3, what is -200 + 1220201211?
1220201011
In base 13, what is 3 + -895?
-892
In base 8, what is 524526 - 4?
524522
In base 10, what is 5061 - 104?
4957
In base 16, what is 9f1d2 + 4?
9f1d6
In base 13, what is -12b9 - -3?
-12b6
In base 6, what is -145 + -41422?
-42011
In base 11, what is -30374 + 0?
-30374
In base 6, what is 155442 - 5?
155433
In base 6, what is -50 + 14420?
14330
In base 15, what is -382 + 235?
-14c
In base 13, what is bb85 + 1?
bb86
In base 9, what is -2 - -17021?
17018
In base 12, what is -4 + 59b7?
59b3
In base 8, what is 3 - 235160?
-235155
In base 3, what is -10212 - 21112201?
-21200120
In base 4, what is 10 + -11102303?
-11102233
In base 7, what is -10 + -2352365?
-2352405
In base 10, what is 5 + 241598?
241603
In base 7, what is 43340 + 5?
43345
In base 15, what is -3d - 313?
-351
In base 3, what is -2 + 112000022211?
112000022202
In base 6, what is -4 + -320215?
-320223
In base 7, what is 244133 + 6?
244142
In base 2, what is 111001001010001 + 1111001?
111001011001010
In base 3, what is -110222010 - 12222?
-111012002
In base 5, what is 1222240 + -1?
1222234
In base 3, what is -122112112 + 102?
-122112010
In base 4, what is 11 - 1020310120?
-1020310103
In base 14, what is -82247 - 7?
-82250
In base 6, what is 23522124 + -3?
23522121
In base 10, what is 73723 - -4?
73727
In base 15, what is -2c948 - 4?
-2c94c
In base 16, what is 21e4 - -6?
21ea
In base 7, what is 6102 - -600?
10002
In base 4, what is 113 + -213121?
-213002
In base 7, what is -61 - 20166?
-20260
In base 9, what is 320 + 163?
483
In base 13, what is 63a6b + 5?
63a73
In base 3, what is 11 + 12000001012?
12000001100
In base 12, what is 615 + 154?
769
In base 2, what is -1100 + -110010010100000000?
-110010010100001100
In base 2, what is -11011 - -10001000011?
10000101000
In base 3, what is 1210 + 110211?
112121
In base 13, what is -b + -cb?
-109
In base 2, what is 101101011001100 - 101?
101101011000111
In base 10, what is -1498185 + -4?
-1498189
In base 10, what is -128704 - -17?
-128687
In base 7, what is -3 - -10100561?
10100555
In base 5, what is 111 - -2040?
2201
In base 11, what is -11 + -8847?
-8858
In base 5, what is -23224 + -104?
-23333
In base 8, what is 11402 - -35?
11437
In base 12, what 